 f(o) = n(o) + 6*z(o). Let v be f(2). What are the prime factors of (-122)/(-14) + v/7?
3
Let s(y) = -y + 5. Let z be s(6). Let x be 6/8*(z + 5). Suppose x*b - 9 = -0. List the prime factors of b.
3
Suppose -5*v + 4*v + 15 = -4*f, 25 = -5*v - 5*f. Suppose -g + 9 = -0*g + 3*q, 0 = -4*g + 3*q - 24. Let s = v - g. What are the prime factors of s?
2
Let d be 2 + (3 + 13)/(-4). Suppose 5*f - 2 = -4*s + 38, 2*s = 2*f + 2. Let i = s + d. List the prime factors of i.
3
Let q(i) = -2*i + 8. List the prime factors of q(-10).
2, 7
Let b(f) = 6*f - 1. Suppose l = -2*l. Suppose -2*v - v + 3 = l. What are the prime factors of b(v)?
5
Suppose -d + 3*d = -y + 47, 4*y - 20 = 0. List the prime factors of d.
3, 7
Let g be 222/27 + (-4)/18. Suppose 2*u - u - g = 0. What are the prime factors of u?
2
Suppose -3*w = -d - 58, 2*w + d = -2*w + 89. What are the prime factors of 2/((w/6)/7)?
2
Let b(s) = -4*s**3 - 9*s**2 - 8*s + 3. Let k(c) = 3*c**3 + 8*c**2 + 7*c - 2. Let u(m) = 2*b(m) + 3*k(m). Let v = -3 + -1. List the prime factors of u(v).
2, 3
Let f be 4*(1 - (-9)/(-12)). Let y = f - -2. Suppose -b - 28 = -4*m + 3*b, b = y*m - 29. List the prime factors of m.
11
Suppose -n + 3*d = 20, 4*d + 0*d = 3*n + 55. Let s = n + 7. List the prime factors of (-52)/(-5) + 4/s.
2, 5
Let w(d) = -d**3 - d**2 + 3. Let v be w(0). Let n = 8 - v. Suppose 5*g = n + 10. What are the prime factors of g?
3
Suppose -4*t = -22*t + 5598. What are the prime factors of t?
311
Suppose -2*x + 3*w - 24 = -0*x, x - 4*w + 7 = 0. Let q = 26 + x. List the prime factors of q.
11
Let t be (-6)/9*30/(-4). Suppose 2*c = t*c + o + 2, 5*c = -o. What are the prime factors of -9*c*(0 - 1)?
3
Suppose 0 = b + 5*l - 206 - 61, 4*l - 779 = -3*b. List the prime factors of b.
257
Let w(j) = j**2 - j + 4. Let v be w(0). Let a be (-2 - -4)/(v/(-10)). Let m = a + 13. List the prime factors of m.
2
Suppose -6*q + 32 = 4*t - 5*q, 4*t + 5*q - 48 = 0. Let n(r) = 1 - 6 - 4 - 5*r + r**2. What are the prime factors of n(t)?
5
Let t = -57 - -113. What are the prime factors of t?
2, 7
Let k(f) = -f**2 + 5*f - 4. Let n be k(3). Suppose 14 = -3*d - 6*q + 2*q, -5*q = -2*d + 29. Let t = d + n. List the prime factors of t.
2
Suppose 5*p - 24 = -3*y, -4*y - 2*p + 19 - 1 = 0. Suppose r + y*r = 84. What are the prime factors of r?
3, 7
Let y(m) = -m + 4. Let u be y(0). Suppose 0*l + u*o = 5*l + 4, -l + 1 = o. Suppose 2*s = -l*s, -4*r - s + 40 = 0. List the prime factors of r.
2, 5
List the prime factors of 8/(-2) + -3 + 169.
2, 3
Let j(r) = 5*r - 6. Let a(t) = t - 1. Let l(v) = -3*a(v) + j(v). Let y be l(4). Let g = 11 + y. What are the prime factors of g?
2
Suppose -4*z - 4*a + 3 = -9*a, -4*a - 6 = -2*z. Let h = 13 + z. List the prime factors of h.
2, 5
What are the prime factors of (10 - -75) + (2/1)/(-1)?
83
Let h = 4 + -2. List the prime factors of 52/h*2/4.
13
Let q(s) = 4*s**2 - 2*s + 3. Let x be q(-3). Suppose -i - 5*a = -x, a = -2*i + 5*i - 55. What are the prime factors of i?
2, 5
Let u = -11 - -17. Let a = u + 6. List the prime factors of a.
2, 3
Let z(k) be the second derivative of 17*k**4/12 - k**2/2 + 2*k. What are the prime factors of z(1)?
2
Let w = 7 - 2. Suppose 2*o = -w*s + 45, -2*s + 18 + 2 = o. List the prime factors of o.
2, 5
Let t(u) = 10*u + 6. List the prime factors of t(3).
2, 3
Suppose 2*p + y - 9 = 0, -3*p + 6*p + y - 15 = 0. List the prime factors of p.
2, 3
Suppose -4 = -3*z + z. Suppose 2*m - g - z*g = 22, 0 = -2*g + 8. What are the prime factors of m?
17
What are the prime factors of ((-4)/3)/(10/(-465))?
2, 31
Let q = -30 - -37. List the prime factors of q.
7
Suppose 3*l + 50 = -2*l. Suppose 4*u + 33 = -3*w, 4*w + 1 + 68 = 3*u. Let v = l - w. What are the prime factors of v?
5
Let j(g) = 15*g**3 + g**2 - 1. Let n be j(1). Suppose 0 = -2*l + 3*l + 4*c - n, 27 = 2*l + 5*c. What are the prime factors of l?
11
Suppose -5*o + 63 = 2*o. What are the prime factors of o?
3
Let h be (-64)/40*(-15)/1. Suppose -2 - h = -2*s. Suppose s = -q + 2*q. List the prime factors of q.
13
Let g = 281 + -111. What are the prime factors of g?
2, 5, 17
Let x be -1 + -1 - (1 - 3). Suppose 0 = 3*l - 2*v - x*v - 24, l - 25 = -5*v. List the prime factors of l.
2, 5
Let c = -8 + 115. What are the prime factors of c?
107
Let h(q) = 4 + 12*q - q**2 - 2 - 9*q + 4*q**2. Let w be (-3 - (-4 + 0))*-3. What are the prime factors of h(w)?
2, 5
Suppose -4*w - 3 = 2*i - 151, -i = 5*w - 89. Suppose -4*b = -v - 84, -v - i = -b - 2*b. List the prime factors of b.
2, 5
List the prime factors of (-1150)/(-40) + 1/4.
29
Suppose 0 = 3*p + 4*o - 7, 2*p = -2*p - 2*o + 16. Suppose 14 = -u + p*f + 65, -5*f + 11 = u. What are the prime factors of u?
31
List the prime factors of (-8)/3*444/(-16).
2, 37
Let j = 6 - 1. Suppose z = -j*z + 126. What are the prime factors of z?
3, 7
Suppose 8*m - 11*m + 405 = 0. What are the prime factors of m?
3, 5
Let f be 16/(-10)*(-10)/4. Suppose -f*y = -9*y + 20. List the prime factors of y.
2
List the prime factors of (-8 + 4)*(-7 - 0).
2, 7
Suppose 50 = 3*x + 2*x + 5*d, d - 4 = 0. List the prime factors of x.
2, 3
Suppose -8 = 2*h + 4. Suppose -b - b = -12. Let r = b - h. List the prime factors of r.
2, 3
Let o(l) = -2*l**3 - 2. Let d be 2*4/(16/(-22)). Let m = 9 + d. List the prime factors of o(m).
2, 7
What are the prime factors of 92 + 1 + -4 + 4?
3, 31
Suppose -5*l - 96 = 244. Let t = l + 97. What are the prime factors of t?
29
Suppose 15 - 1 = d - k, -5*d = 3*k - 78. List the prime factors of d.
3, 5
Suppose 4*m = z + 3, z + 4*z - 29 = -2*m. What are the prime factors of z?
5
Let u(d) = d**3 + 3*d**2 - 5*d - 1. Let c be u(-4). Let l = -2 - -6. Suppose l*k - 35 = -q, -2*q = -0*k + c*k - 25. What are the prime factors of k?
3
Let w be (-496)/(-14) + 12/(-28). Suppose -6*a + a = -w. What are the prime factors of a?
7
Let z be (-3)/9 + 118/(-6). Let h be ((-2)/(-5))/(4/z). Let l(o) = o**2 - o + 2. List the prime factors of l(h).
2
Let n(i) be the third derivative of i**5/60 + 5*i**4/12 + i**2. Suppose 4*p + 29 = 5*q, p + 38 = -3*p + 2*q. List the prime factors of n(p).
11
Suppose 0 = q + 4, -3*q - 392 = -4*k - 2*q. List the prime factors of k.
97
Suppose 14*h - 9*h = 50. List the prime factors of h.
2, 5
Let z = -58 + 151. List the prime factors of z.
3, 31
Let n be (-1)/3 - 25/(-3). Let x(b) = b - 5. Let h be x(n). Suppose 0 = -p + 8 - h. List the prime factors of p.
5
List the prime factors of (3/(-4))/(((-25)/(-2440))/(-5)).
2, 3, 61
Let m(v) = -v**3 - v**2 + 5. Suppose 5*i + 20 = 4*q, -5*i = 3*q - 2*i + 12. List the prime factors of m(q).
5
Let o = 0 - -1. Let h be 0 + -1 + o/1. Let k = h - -3. List the prime factors of k.
3
Let a(u) = 289*u**2 + 4*u + 3. What are the prime factors of a(-1)?
2, 3
Suppose 0 = 5*c - 4*b - 1343, -2*c + 807 = c - 2*b. List the prime factors of c.
271
Suppose 11 = 2*i - 199. What are the prime factors of i?
3, 5, 7
What are the prime factors of 6/4 + (-38)/(-4)?
11
Suppose 4*g = 21 - 1. List the prime factors of g.
5
Suppose 2*m = n - 5*n + 12, 4*m - 18 = -2*n. Suppose -m*r - 4*x + 17 = 5, 4*r - 4*x = 52. What are the prime factors of r?
2
Suppose 192 = 4*k - 100. Suppose -1 = 4*c - k. What are the prime factors of c?
2, 3
Let b be 77/14 - 1/2. Suppose -4 - b = -f. What are the prime factors of f?
3
Let f = 11 + -12. Suppose -6 = -3*j, 6 = 3*r + j - 8. Let z = r + f. List the prime factors of z.
3
Suppose 0*b - 4 = -b. Suppose w = -b*m + 44, -w - 2*w + 48 = 5*m. What are the prime factors of m?
2, 3
Suppose 0 = -4*i - r + 146, -i + 3*r - r + 32 = 0. What are the prime factors of i?
2, 3
Suppose 2*i = -2*k + 18, 3*i - 5*k + k = -8. Suppose d + 4*c = -i - 2, 27 = 3*d + 3*c. What are the prime factors of d?
2, 7
List the prime factors of 2006/10 - (-16)/40.
3, 67
Suppose 0 = 2*c - c + 10. Let r = c + 16. List the prime factors of r.
2, 3
Let q = 1 - -3. Suppose 9 = -g - q*l, -5*l - 3 - 3 = 3*g. Let h(o) = o. What are the prime factors of h(g)?
3
Let p(c) = -11*c + 21. What are the prime factors of p(-10)?
131
Let m = 5 + -1. List the prime factors of m.
2
Let a = -7 - -5. What are the prime factors of (2 - 1/a)*4?
2, 5
Let a be (-22)/2 - (3 - 1). Let t = 7 - a. List the prime factors of t.
2, 5
List the prime factors of (-1153)/(-3) - 28/21.
383
Let v be -1 - -1 - (-3 - -3). Suppose